{"id":150,"date":"2024-11-29T14:28:43","date_gmt":"2024-11-29T14:28:43","guid":{"rendered":"https:\/\/weiss-datentechnik.de\/?page_id=150"},"modified":"2024-12-03T07:07:06","modified_gmt":"2024-12-03T07:07:06","slug":"weiss-datentechnik","status":"publish","type":"page","link":"https:\/\/weiss-datentechnik.de\/","title":{"rendered":"Weiss Datentechnik"},"content":{"rendered":"\n    \n    <section class=\"u-clearfix u-uploaded-video u-video u-section-2\" id=\"carousel_f58f\">\n      <div class=\"u-background-video u-expanded\" style=\"\">\n        <div class=\"embed-responsive\">\n          <video class=\"embed-responsive-item\" data-autoplay=\"1\" loop=\"\" muted=\"1\" autoplay=\"autoplay\" playsinline=\"\">\n            <source src=\"https:\/\/weiss-datentechnik.de\/wp-content\/uploads\/2024\/11\/Weiss_Hintergrund.mp4\" type=\"video\/mp4\">\n            <p>Your browser does not support HTML5 video.<\/p>\n          <\/video>\n        <\/div>\n        <div class=\"u-video-shading\"><\/div>\n      <\/div>\n      <div class=\"u-list u-list-1\">\n        <div class=\"u-repeater u-repeater-1\">\n          <div class=\"u-container-style u-list-item u-repeater-item\">\n            <div class=\"u-container-layout u-similar-container u-container-layout-1\"><span class=\"u-icon u-icon-circle u-text-palette-1-base u-icon-1\"><svg class=\"u-svg-link\" preserveAspectRatio=\"xMidYMin slice\" viewBox=\"0 0 515.556 515.556\" style=\"\"><use xmlns:xlink=\"http:\/\/www.w3.org\/1999\/xlink\" xlink:href=\"#svg-1506\"><\/use><\/svg><svg class=\"u-svg-content\" viewBox=\"0 0 515.556 515.556\" id=\"svg-1506\"><path d=\"m0 274.226 176.549 176.886 339.007-338.672-48.67-47.997-290.337 290-128.553-128.552z\"><\/path><\/svg>\n            \n            \n          <\/span>\n              <p class=\"u-text u-text-body-alt-color u-text-1\">Digitalisierung<\/p>\n            <\/div>\n          <\/div>\n          <div class=\"u-container-style u-list-item u-repeater-item\">\n            <div class=\"u-container-layout u-similar-container u-container-layout-2\"><span class=\"u-icon u-icon-circle u-text-palette-1-base u-icon-2\"><svg class=\"u-svg-link\" preserveAspectRatio=\"xMidYMin slice\" viewBox=\"0 0 515.556 515.556\" style=\"\"><use xmlns:xlink=\"http:\/\/www.w3.org\/1999\/xlink\" xlink:href=\"#svg-5e03\"><\/use><\/svg><svg class=\"u-svg-content\" viewBox=\"0 0 515.556 515.556\" id=\"svg-5e03\"><path d=\"m0 274.226 176.549 176.886 339.007-338.672-48.67-47.997-290.337 290-128.553-128.552z\"><\/path><\/svg>\n            \n            \n          <\/span>\n              <p class=\"u-text u-text-body-alt-color u-text-2\">Standortvernetzung<\/p>\n            <\/div>\n          <\/div>\n          <div class=\"u-container-style u-list-item u-repeater-item\">\n            <div class=\"u-container-layout u-similar-container u-container-layout-3\"><span class=\"u-icon u-icon-circle u-text-palette-1-base u-icon-3\"><svg class=\"u-svg-link\" preserveAspectRatio=\"xMidYMin slice\" viewBox=\"0 0 515.556 515.556\" style=\"\"><use xmlns:xlink=\"http:\/\/www.w3.org\/1999\/xlink\" xlink:href=\"#svg-6487\"><\/use><\/svg><svg class=\"u-svg-content\" viewBox=\"0 0 515.556 515.556\" id=\"svg-6487\"><path d=\"m0 274.226 176.549 176.886 339.007-338.672-48.67-47.997-290.337 290-128.553-128.552z\"><\/path><\/svg>\n            \n            \n          <\/span>\n              <p class=\"u-text u-text-body-alt-color u-text-3\">Disaster Recovery Management<\/p>\n            <\/div>\n          <\/div>\n          <div class=\"u-container-style u-list-item u-repeater-item\">\n            <div class=\"u-container-layout u-similar-container u-container-layout-4\"><span class=\"u-icon u-icon-circle u-text-palette-1-base u-icon-4\"><svg class=\"u-svg-link\" preserveAspectRatio=\"xMidYMin slice\" viewBox=\"0 0 515.556 515.556\" style=\"\"><use xmlns:xlink=\"http:\/\/www.w3.org\/1999\/xlink\" xlink:href=\"#svg-dfad\"><\/use><\/svg><svg class=\"u-svg-content\" viewBox=\"0 0 515.556 515.556\" id=\"svg-dfad\"><path d=\"m0 274.226 176.549 176.886 339.007-338.672-48.67-47.997-290.337 290-128.553-128.552z\"><\/path><\/svg>\n            \n            \n          <\/span>\n              <p class=\"u-text u-text-body-alt-color u-text-4\">Datenmigration<\/p>\n            <\/div>\n          <\/div>\n          <div class=\"u-container-style u-list-item u-repeater-item\">\n            <div class=\"u-container-layout u-similar-container u-container-layout-5\"><span class=\"u-icon u-icon-circle u-text-palette-1-base u-icon-5\"><svg class=\"u-svg-link\" preserveAspectRatio=\"xMidYMin slice\" viewBox=\"0 0 515.556 515.556\" style=\"\"><use xmlns:xlink=\"http:\/\/www.w3.org\/1999\/xlink\" xlink:href=\"#svg-6ec2\"><\/use><\/svg><svg class=\"u-svg-content\" viewBox=\"0 0 515.556 515.556\" id=\"svg-6ec2\"><path d=\"m0 274.226 176.549 176.886 339.007-338.672-48.67-47.997-290.337 290-128.553-128.552z\"><\/path><\/svg>\n            \n            \n          <\/span>\n              <p class=\"u-text u-text-body-alt-color u-text-5\">Support und Service<\/p>\n            <\/div>\n          <\/div>\n          <div class=\"u-container-style u-list-item u-repeater-item\">\n            <div class=\"u-container-layout u-similar-container u-container-layout-6\"><span class=\"u-icon u-icon-circle u-text-palette-1-base u-icon-6\"><svg class=\"u-svg-link\" preserveAspectRatio=\"xMidYMin slice\" viewBox=\"0 0 515.556 515.556\" style=\"\"><use xmlns:xlink=\"http:\/\/www.w3.org\/1999\/xlink\" xlink:href=\"#svg-ba83\"><\/use><\/svg><svg class=\"u-svg-content\" viewBox=\"0 0 515.556 515.556\" id=\"svg-ba83\"><path d=\"m0 274.226 176.549 176.886 339.007-338.672-48.67-47.997-290.337 290-128.553-128.552z\"><\/path><\/svg>\n            \n            \n          <\/span>\n              <p class=\"u-text u-text-body-alt-color u-text-6\">Premium Partner vieler Hersteller<\/p>\n            <\/div>\n          <\/div>\n          <div class=\"u-container-style u-list-item u-repeater-item\">\n            <div class=\"u-container-layout u-similar-container u-container-layout-7\"><span class=\"u-icon u-icon-circle u-text-palette-1-base u-icon-7\"><svg class=\"u-svg-link\" preserveAspectRatio=\"xMidYMin slice\" viewBox=\"0 0 515.556 515.556\" style=\"\"><use xmlns:xlink=\"http:\/\/www.w3.org\/1999\/xlink\" xlink:href=\"#svg-ecfb\"><\/use><\/svg><svg class=\"u-svg-content\" viewBox=\"0 0 515.556 515.556\" id=\"svg-ecfb\"><path d=\"m0 274.226 176.549 176.886 339.007-338.672-48.67-47.997-290.337 290-128.553-128.552z\"><\/path><\/svg>\n            \n            \n          <\/span>\n              <p class=\"u-text u-text-body-alt-color u-text-7\">Netzwerktechnik<\/p>\n            <\/div>\n          <\/div>\n          <div class=\"u-container-style u-list-item u-repeater-item\">\n            <div class=\"u-container-layout u-similar-container u-container-layout-8\"><span class=\"u-icon u-icon-circle u-text-palette-1-base u-icon-8\"><svg class=\"u-svg-link\" preserveAspectRatio=\"xMidYMin slice\" viewBox=\"0 0 515.556 515.556\" style=\"\"><use xmlns:xlink=\"http:\/\/www.w3.org\/1999\/xlink\" xlink:href=\"#svg-cdd4\"><\/use><\/svg><svg class=\"u-svg-content\" viewBox=\"0 0 515.556 515.556\" id=\"svg-cdd4\"><path d=\"m0 274.226 176.549 176.886 339.007-338.672-48.67-47.997-290.337 290-128.553-128.552z\"><\/path><\/svg>\n            \n            \n          <\/span>\n              <p class=\"u-text u-text-body-alt-color u-text-8\">Hard- und Software<\/p>\n            <\/div>\n          <\/div>\n          <div class=\"u-container-style u-list-item u-repeater-item\">\n            <div class=\"u-container-layout u-similar-container u-container-layout-9\"><span class=\"u-icon u-icon-circle u-text-palette-1-base u-icon-9\"><svg class=\"u-svg-link\" preserveAspectRatio=\"xMidYMin slice\" viewBox=\"0 0 515.556 515.556\" style=\"\"><use xmlns:xlink=\"http:\/\/www.w3.org\/1999\/xlink\" xlink:href=\"#svg-cdd4\"><\/use><\/svg><svg class=\"u-svg-content\" viewBox=\"0 0 515.556 515.556\" id=\"svg-cdd4\"><path d=\"m0 274.226 176.549 176.886 339.007-338.672-48.67-47.997-290.337 290-128.553-128.552z\"><\/path><\/svg>\n            \n            \n          <\/span>\n              <p class=\"u-text u-text-body-alt-color u-text-9\">Server\u00fcberwachung<\/p>\n            <\/div>\n          <\/div>\n          <div class=\"u-container-style u-list-item u-repeater-item\">\n            <div class=\"u-container-layout u-similar-container u-container-layout-10\"><span class=\"u-icon u-icon-circle u-text-palette-1-base u-icon-10\"><svg class=\"u-svg-link\" preserveAspectRatio=\"xMidYMin slice\" viewBox=\"0 0 515.556 515.556\" style=\"\"><use xmlns:xlink=\"http:\/\/www.w3.org\/1999\/xlink\" xlink:href=\"#svg-cdd4\"><\/use><\/svg><svg class=\"u-svg-content\" viewBox=\"0 0 515.556 515.556\" id=\"svg-cdd4\"><path d=\"m0 274.226 176.549 176.886 339.007-338.672-48.67-47.997-290.337 290-128.553-128.552z\"><\/path><\/svg>\n            \n            \n          <\/span>\n              <p class=\"u-text u-text-body-alt-color u-text-10\">Firewall Management<\/p>\n            <\/div>\n          <\/div>\n        <\/div>\n      <\/div>\n      <div class=\"u-container-align-center-xs u-container-style u-group u-shape-rectangle u-group-1\">\n        <div class=\"u-container-layout u-container-layout-11\">\n          <h4 class=\"u-align-center-xs u-align-left-lg u-align-left-md u-align-left-sm u-align-left-xl u-text u-text-body-alt-color u-text-11\">Wir&nbsp;stehen f\u00fcr mehr als 30 Jahre Kompetenz in Netzwerken und IT-Sicherheit.<\/h4>\n          <p class=\"u-align-center-xs u-align-left-lg u-align-left-md u-align-left-sm u-align-left-xl u-text u-text-body-alt-color u-text-12\"> Wir k\u00fcmmern&nbsp; uns um die sichere Speicherung Ihrer wichtigen Gesch\u00e4ftsdaten und verbinden ihre Firmen- und Homeoffice Standorte lokal, national und international. Nat\u00fcrlich sicher und verschl\u00fcsselt.<br>\n            <br>Wir strukturieren Ihr Netzwerk ganz nach Ihren Bed\u00fcrfnissen, denn... \n          <\/p>\n          <h4 class=\"u-align-center-xs u-align-right-lg u-align-right-md u-align-right-sm u-align-right-xl u-text u-text-body-alt-color u-text-13\"> ...Ihre Vision ist unsere Aufgabe!<\/h4>\n        <\/div>\n      <\/div>\n      <img decoding=\"async\" class=\"u-align-center-xs u-hidden-lg u-hidden-md u-hidden-xl u-image u-image-contain u-image-default u-image-1\" src=\"https:\/\/weiss-datentechnik.de\/wp-content\/uploads\/2024\/11\/Logo_Weiss-1-3.png\" alt=\"\" data-image-width=\"426\" data-image-height=\"219\">\n      <a class=\"u-active-none u-border-none u-btn u-button-link u-button-style u-hidden-lg u-hidden-md u-hidden-xl u-hover-none u-none u-text-grey-30 u-text-hover-custom-color-3 u-btn-1\" href=\"https:\/\/weiss-datentechnik.de\/?page_id=151#sec-5d8c\">Impressum <\/a>\n    <\/section>\n    \n    \n    \n  \n","protected":false},"excerpt":{"rendered":"<p>Your browser does not support HTML5 video. Digitalisierung Standortvernetzung Disaster Recovery Management Datenmigration Support und Service Premium Partner vieler Hersteller Netzwerktechnik Hard- und Software Server\u00fcberwachung Firewall Management Wir&nbsp;stehen f\u00fcr mehr als 30 Jahre Kompetenz in Netzwerken und IT-Sicherheit. Wir k\u00fcmmern&nbsp; uns um die sichere Speicherung Ihrer wichtigen Gesch\u00e4ftsdaten und verbinden ihre Firmen- und Homeoffice Standorte &hellip; <a href=\"https:\/\/weiss-datentechnik.de\/\" class=\"more-link\">Continue reading<span class=\"screen-reader-text\"> &#8222;Weiss Datentechnik&#8220;<\/span><\/a><\/p>\n","protected":false},"author":1,"featured_media":0,"parent":0,"menu_order":1,"comment_status":"closed","ping_status":"closed","template":"","meta":{"footnotes":""},"class_list":["post-150","page","type-page","status-publish","hentry"],"_links":{"self":[{"href":"https:\/\/weiss-datentechnik.de\/index.php?rest_route=\/wp\/v2\/pages\/150","targetHints":{"allow":["GET"]}}],"collection":[{"href":"https:\/\/weiss-datentechnik.de\/index.php?rest_route=\/wp\/v2\/pages"}],"about":[{"href":"https:\/\/weiss-datentechnik.de\/index.php?rest_route=\/wp\/v2\/types\/page"}],"author":[{"embeddable":true,"href":"https:\/\/weiss-datentechnik.de\/index.php?rest_route=\/wp\/v2\/users\/1"}],"replies":[{"embeddable":true,"href":"https:\/\/weiss-datentechnik.de\/index.php?rest_route=%2Fwp%2Fv2%2Fcomments&post=150"}],"version-history":[{"count":4,"href":"https:\/\/weiss-datentechnik.de\/index.php?rest_route=\/wp\/v2\/pages\/150\/revisions"}],"predecessor-version":[{"id":156,"href":"https:\/\/weiss-datentechnik.de\/index.php?rest_route=\/wp\/v2\/pages\/150\/revisions\/156"}],"wp:attachment":[{"href":"https:\/\/weiss-datentechnik.de\/index.php?rest_route=%2Fwp%2Fv2%2Fmedia&parent=150"}],"curies":[{"name":"wp","href":"https:\/\/api.w.org\/{rel}","templated":true}]}}